225014 (base 6) to base 16
4b22
Convert 43603 (base 7) to base 13.
4c8a
Convert -aa (base 16) to base 7.
-332
6025 (base 9) to base 5
120042
What is 5c (base 15) in base 12?
73
Convert 21111020 (base 3) to base 12.
31b0
Convert -100031 (base 6) to base 5.
-222140
What is -341 (base 16) in base 2?
-1101000001
926 (base 15) to base 5
31221
Convert -20010022 (base 3) to base 7.
-16004
Convert 2424144 (base 5) to base 7.
246540
Convert -31130 (base 5) to base 2.
-11111111000
Convert -281a (base 14) to base 10.
-7080
Convert -125530 (base 6) to base 11.
-8828
What is 1000030 (base 4) in base 15?
133d
-22010021 (base 4) to base 13
-159c2
Convert 104 (base 14) to base 11.
172
1fd (base 16) to base 8
775
1034 (base 7) to base 9
448
Convert 2954 (base 14) to base 12.
42a6
What is 15 (base 15) in base 14?
16
What is -1321023 (base 4) in base 2?
-1111001001011
What is 548 (base 10) in base 8?
1044
Convert 1111114 (base 6) to base 3.
2211210201
Convert c1 (base 14) to base 4.
2221
76ab (base 13) to base 15
4d74
Convert -a5a (base 15) to base 14.
-bcb
Convert -33304 (base 6) to base 3.
-20101011
-1370 (base 9) to base 4
-100023
What is -1474 (base 15) in base 13?
-1cc3
17152 (base 10) to base 15
5137
Convert -4676 (base 9) to base 7.
-13056
-2100112 (base 3) to base 7
-5000
Convert 10000010100100001 (base 2) to base 5.
4114344
Convert 1000101110 (base 2) to base 9.
680
-3516 (base 8) to base 11
-1450
What is -24b70 (base 13) in base 14?
-1aa32
41734 (base 8) to base 14
648c
Convert 1100011 (base 2) to base 14.
71
Convert 12 (base 13) to base 12.
13
What is -45056 (base 7) in base 3?
-120120202
What is -1a8 (base 16) in base 4?
-12220
What is -c307 (base 14) in base 11?
-23206
What is 431 (base 10) in base 6?
1555
What is 1022330 (base 4) in base 16?
12bc
What is 1110110 (base 2) in base 11?
a8
Convert -28730 (base 9) to base 7.
-110664
Convert -2777 (base 9) to base 12.
-1267
-2000100 (base 3) to base 8
-2673
What is -332011 (base 5) in base 14?
-429c
-53352 (base 6) to base 8
-16144
What is 12110201 (base 3) in base 8?
7624
Convert -34a15 (base 11) to base 12.
-25261
-11022 (base 3) to base 10
-116
What is 12014 (base 5) in base 14?
472
Convert 1044 (base 6) to base 8.
364
Convert 1000010111011 (base 2) to base 6.
31455
Convert -69c4 (base 14) to base 13.
-84b5
What is 34d4 (base 14) in base 13?
425b
What is -60516 (base 8) in base 7?
-132424
What is 3421 (base 6) in base 7?
2230
What is -422 (base 13) in base 15?
-31e
-481 (base 9) to base 12
-291
6220 (base 10) to base 8
14114
Convert -27 (base 13) to base 2.
-100001
Convert -12b (base 15) to base 16.
-10a
23350 (base 8) to base 6
114040
Convert -1111011011 (base 2) to base 3.
-1100120
52355 (base 10) to base 6
1042215
733 (base 8) to base 10
475
-5278 (base 14) to base 7
-56311
Convert -1083 (base 9) to base 6.
-3420
-38a (base 15) to base 14
-417
1a20 (base 13) to base 9
5327
Convert -1001111002 (base 3) to base 10.
-20765
Convert 100100110100110 (base 2) to base 8.
44646
What is -1157 (base 8) in base 16?
-26f
Convert 210 (base 9) to base 5.
1141
What is 14510 (base 8) in base 12?
38b4
What is aa17 (base 15) in base 7?
210010
-35f2 (base 16) to base 8
-32762
What is 242333 (base 6) in base 16?
5331
What is -602 (base 9) in base 12?
-348
Convert 56645 (base 7) to base 16.
3836
What is -257 (base 15) in base 12?
-384
Convert 1ba5 (base 16) to base 3.
100201010
31a (base 16) to base 2
1100011010
Convert -2400 (base 9) to base 8.
-3366
702 (base 8) to base 12
316
Convert -12210120 (base 3) to base 14.
-177d
Convert 3915 (base 13) to base 6.
101350
What is -19 (base 15) in base 14?
-1a
Convert -c27 (base 13) to base 6.
-13313
What is -2419 (base 10) in base 5?
-34134
Convert -141324 (base 5) to base 10.
-5839
7187 (base 9) to base 4
1102033
184b (base 12) to base 3
11000212
Convert -14c (base 13) to base 6.
-1025
What is -609 (base 10) in base 9?
-746
Convert -47 (base 15) to base 16.
-43
Convert -f1de (base 16) to base 2.
-1111000111011110
Convert -16d3 (base 14) to base 16.
-1009
Convert 898 (base 14) to base 11.
1308
Convert -235114 (base 6) to base 9.
-31181
30187 (base 11) to base 8
126153
-2585 (base 9) to base 6
-12552
Convert 2261 (base 10) to base 2.
100011010101
What is -44e (base 16) in base 8?
-2116
Convert 11210 (base 4) to base 3.
111012
115642 (base 8) to base 9
60578
Convert -4895 (base 11) to base 16.
-18fc
What is -10111110010011 (base 2) in base 5?
-342204
What is -3422 (base 7) in base 8?
-2331
What is 37222 (base 8) in base 13?
73a2
5299 (base 11) to base 5
211010
-10124 (base 9) to base 15
-1e94
Convert 543a (base 14) to base 2.
11100011011100
-11010010 (base 2) to base 10
-210
What is 747c (base 16) in base 14?
ac20
-2313 (base 9) to base 6
-11533
-15500 (base 8) to base 15
-2101
Convert 674 (base 9) to base 12.
3a1
What is -2131 (base 6) in base 8?
-747
Convert -1100010010000 (base 2) to base 8.
-14220
bbc6 (base 14) to base 16
7f02
8213 (base 10) to base 6
102005
What is -34334 (base 5) in base 7?
-10125
e59 (base 16) to base 2
111001011001
40293 (base 10) to base 2
1001110101100101
What is -433 (base 10) in base 9?
-531
-1d67 (base 14) to base 5
-133013
Convert -ba64 (base 16) to base 2.
-1011101001100100
What is -5755 (base 10) in base 8?
-13173
-565 (base 7) to base 9
-354
What is 19e3 (base 15) in base 7?
22236
What is 202 (base 9) in base 8?
244
What is -243345 (base 6) in base 9?
-32462
-46 (base 11) to base 5
-200
Convert -1461 (base 7) to base 4.
-21012
-79ad (base 14) to base 15
-63d5
-9a5 (base 13) to base 2
-11001111000
Convert 11211 (base 4) to base 9.
436
What is 10b (base 14) in base 16?
cf
Convert -3 (base 14) to base 16.
-3
What is -20156 (base 8) in base 16?
-206e
-10231 (base 4) to base 12
-211
-50780 (base 9) to base 11
-23144
Convert 4974 (base 11) to base 14.
251c
Convert -1110110 (base 2) to base 14.
-86
What is 2548 (base 9) in base 3?
2121122
1714 (base 9) to base 14
697
1221 (base 9) to base 4
32032
-14199 (base 14) to base 10
-49723
Convert 2224 (base 5) to base 8.
472
What is 4a1 (base 15) in base 16?
41b
What is 17b (base 15) in base 5?
2331
What is -947 (base 15) in base 9?
-2774
Convert -1504 (base 14) to base 7.
-13604
Convert 1105 (base 7) to base 8.
615
Convert 322 (base 4) to base 10.
58
What is -100100110010100 (base 2) in base 3?
-221211122
-13f6 (base 16) to base 13
-2431
-b9 (base 13) to base 2
-10011000
Convert -c0 (base 16) to base 13.
-11a
Convert 4532 (base 7) to base 8.
3150
What is -86 (base 9) in base 4?
-1032
Convert 32103 (base 4) to base 10.
915
13097 (base 12) to base 8
62663
What is -4037 (base 11) in base 12?
-3130
What is 178 (base 12) in base 14?
12c
Convert -8cb (base 14) to base 12.
-1017
What is 110 (base 5) in base 4?
132
What is -425053 (base 6) in base 4?
-20133321
What is -31dc (base 14) in base 11?
-6529
Convert -320311 (base 5) to base 12.
-6242
-56046 (base 7) to base 13
-6555
What is -2856 (base 9) in base 5?
-32112
Convert -518d (base 15) to base 8.
-41521
Convert 115 (base 14) to base 6.
555
Convert 20100 (base 4) to base 11.
440
What is 120223 (base 4) in base 12?
ab7
What is 490 (base 10) in base 3?
200011
Convert -15a (base 14) to base 12.
-1b0
Convert 1023 (base 5) to base 10.
138
115666 (base 7) to base 3
1002011121
31442 (base 6) to base 15
13ee
What is -ecb6 (base 15) in base 7?
-266061
Convert 3202 (base 5) to base 9.
524
1855 (base 12) to base 14
1105
1459 (base 10) to base 16
5b3
Convert -171 (base 10) to base 14.
-c3
What is 1010001 (base 2) in base 14?
5b
What is 1530a (base 11) in base 16?
54a5
What is -c62 (base 14) in base 8?
-4606
What is -3221021 (base 4) in base 13?
-6a3a
-4e66 (base 15) to base 7
-66552
Convert 2500 (base 6) to base 8.
1144
-1612 (base 7) to base 11
-538
-1504 (base 7) to base 5
-4332
Convert 1442 (base 14) to base 3.
11220211
-18a6 (base 14) to base 11
-3393
What is 17365 (base 11) in base 7?
131054
Convert 144 (base 9) to base 15.
81
What is -117 (base 14) in base 16?
-d9
-10333 (base 6) to base 9
-1853
Convert -12532 (base 14) to base 2.
-1010111110000000
11000000 (base 2) to base 16
c0
What is -1323 (base 4) in base 16?
-7b
-11111100110111 (base 2) to base 6
-202531
-1003213 (base 4) to base 13
-1c7b
What is -530 (base 6) in base 8?
-306
-c33 (base 14) to base 3
-10021210